 are the prime factors of o?
7
Suppose 3*y + z = 4*y - 37, y - 17 = 5*z. What are the prime factors of (-536)/(-6) - (-28)/y?
2, 3, 5
Suppose -5*s - 2*b - 2*b = 252, 4*b + 12 = 0. Let g = s - -71. What are the prime factors of g?
23
Let g be 4 + (-1 - 4) - -3. Suppose 347 = 5*d - 2*k - 23, -296 = -4*d - 3*k. Suppose -l - 51 = -g*c - 4*l, -3*c + d = 2*l. What are the prime factors of c?
2, 3
What are the prime factors of 3570/24 - 4 - (-3)/12?
5, 29
Let i(p) = -6*p**2 - 85*p + 18. List the prime factors of i(-14).
2
Let z(g) = 260*g**2 + 25*g + 50. What are the prime factors of z(-5)?
5, 257
Suppose -15062 = -5*y - v - 2*v, 0 = -2*y + 4*v + 6030. List the prime factors of y.
23, 131
Let s(v) = -2 - 13 - 31*v + 3. List the prime factors of s(-3).
3
What are the prime factors of 2 - (5 + -213 - -5)?
5, 41
Suppose -5*a - 2 + 17 = 0. Suppose 4*d + 1 = a*b, -b = -4*d + d - 7. Let u(f) = -f**3 - f**2 + 3*f - 4. List the prime factors of u(d).
2
Suppose 4*y - 7 = -27. Let u be (-160)/(-24)*(-18)/y. Suppose 3*r - u = -5*d + 10, -5*r = 3*d - 62. What are the prime factors of r?
13
Let a(s) = 14*s**2 + 2*s + 2. Let d be a(-2). Suppose 4*t + 4*r = 136, 5*r = -0*t - t + 46. Let v = d - t. What are the prime factors of v?
23
Let k(s) = 0*s**2 + 13*s + 15*s - 6 - 30*s + s**2. Suppose 5*x = 4*x + 5. What are the prime factors of k(x)?
3
Let t = -12 + 15. Suppose 0 = 8*b - t*b - 240. List the prime factors of b.
2, 3
Let s(g) = -g - 6. Let q = -19 + 25. Let x be s(q). What are the prime factors of x/18*(-87)/2?
29
Let a be 4 - ((1 - -1) + 1). Let x be (a/(-2) - -1)*0. Suppose -5*k - 4*b = 120 - 460, 3*b + 15 = x. List the prime factors of k.
2, 3
Let n = -537 - -648. Let c(z) = -z - 2. Let f be c(-2). Suppose -5*x - a + 53 + n = f, -x = a - 36. List the prime factors of x.
2
Let f be (-2)/2*(1 - 4). Suppose 0 = -8*k + f*k + 20. Suppose -k*n = x - 10, -n = 2*x - 12 - 15. List the prime factors of x.
2, 7
Let y = -202 - -206. Let c(j) = 11*j**2 + 5*j - 1. Let q be c(-4). Suppose y*k = -k + q. List the prime factors of k.
31
Suppose -4*x + 86 = -82. Let h = 74 - x. List the prime factors of h.
2
Let w = -3916 + 6987. List the prime factors of w.
37, 83
Let p be 100/(-16) + (-1)/(-4). Let b(u) = -u. Let j(q) = 2*q - 5. Let v(f) = 4*b(f) + j(f). List the prime factors of v(p).
7
Let z(y) = y**3 + 15*y**2 + 22*y + 104. List the prime factors of z(-8).
2, 47
Let t = -95 - -200. Let b = t - 11. List the prime factors of b.
2, 47
Let v(u) = 6*u + 2. Let h be v(7). Suppose 4*j = -h + 156. What are the prime factors of j?
2, 7
Suppose 4*q + 0*c - 5 = -3*c, 0 = 4*q - 2*c + 10. Let b = q + 2. Suppose b - 4 = -z. List the prime factors of z.
3
Suppose 2*o - 2 = -0. Suppose y - o + 3 = 0. List the prime factors of y/4*(-3 - 7).
5
Suppose 3*j - 12 = 0, 3*j + 88 + 20 = 2*d. Suppose -58*l + d*l = 10. List the prime factors of l.
5
Let d = -8 + 14. Suppose -o - o = -4*m - d, 0 = 2*m - 3*o - 3. List the prime factors of (-7)/7 + (1 - m).
3
Suppose 3*f - 16 = 5*k, f = 2*f - 3*k - 12. Let v be (-34)/(-8) + f/(-4). Suppose 0 = -3*l + 3*x + 114, v*x = 4*x - 2. What are the prime factors of l?
2, 3
Suppose 116*i + 3*l + 1896 = 117*i, 5*l = -2*i + 3825. What are the prime factors of i?
3, 5, 127
Let q be (-17 + 17)*(2 - 1). Let x(y) = y**2 - y + 27. Let g be x(q). Let z = g + -12. What are the prime factors of z?
3, 5
What are the prime factors of 125 + (20 - (7 - -5))?
7, 19
Suppose 243 = 3*p + 240, 5*d + 2*p - 3242 = 0. List the prime factors of d.
2, 3
Suppose 4*z = -2*d + 5*d - 6, 0 = 4*z. Suppose -d*f + 34 = -28. What are the prime factors of f?
31
Let f(a) = a**3 + 2*a**2 - 4*a - 10. Let l(i) = -i**3 - 4*i**2 + 2*i - 8. Let b be l(-5). Let g be f(b). What are the prime factors of g/39 - (-2)/(-6)?
2, 5
Let i(w) = 10*w + 36. Suppose 3*k - 5*z + 2 = 0, 3*z + 2*z = 20. What are the prime factors of i(k)?
2, 3
Let m = 41 + 371. What are the prime factors of m?
2, 103
Let b = 3033 - 1882. List the prime factors of b.
1151
Let u(z) = z**2 + 20*z - 20. What are the prime factors of u(-23)?
7
Suppose -5*n = -5*o + 2845, 6 = 4*n - 14. What are the prime factors of o?
2, 7, 41
Let o be 3/1 + (5 - 3). Suppose -g - 2 = 0, 3*g = -o*u + 7*u - 16. Suppose -142 - 68 = -u*x. What are the prime factors of x?
2, 3, 7
Let y be (-3 - 0) + -2 + 1. Let d be (3 - 2)*y + 24. List the prime factors of ((-26)/(-8))/(5/d).
13
Suppose 0 = -5*m + 758 - 198. Let o = m - 58. What are the prime factors of o?
2, 3
Let q(l) = 2*l**2 + 2*l + 16. List the prime factors of q(14).
2, 109
Suppose 21 + 33 = 2*y. Let b = y + -24. What are the prime factors of (-6)/10*(b + -38)?
3, 7
Let m(i) = 16*i**2 + 5*i + 1. Let h be m(-7). Suppose -p = -6*p + h. What are the prime factors of p?
2, 3, 5
Let x be (0 + (-4)/(-10))*30. Suppose g = -3*g - x. What are the prime factors of 3*-38*g/18?
19
Let a(i) = i**3 + 2*i**2 + 4. Let z be a(0). Suppose 5*o = -3*m - 0*m + 797, -2*m + z*o = -524. What are the prime factors of m?
2, 3, 11
Let d be (-21)/(-4) - (-1)/(-4). Let r be 4/(-5)*(-160)/64. Suppose -c = -d*b + 22, -b - 2 = -r*b + c. List the prime factors of b.
5
Let o = 4049 - 2635. What are the prime factors of o?
2, 7, 101
Let m(v) = v**3 + v**2 - v - 14. Let p be m(0). Let u be (-3 + p - -4) + 2. Let z(h) = -h**2 - 14*h + 18. List the prime factors of z(u).
3, 17
Suppose 7*z + 264 = 5*z. Let r = z - 3. Let o = -89 - r. What are the prime factors of o?
2, 23
Let s be -22 + (-4)/5*40/16. List the prime factors of (-2684)/s + (-7)/(-42).
2, 7
Suppose l - 1 - 4 = 0. Suppose -7*x = 3*f - l*x - 277, 2*x = -4*f + 372. What are the prime factors of f?
5, 19
Let z(v) = 10*v**2 - 1. Let a be z(-1). Suppose -2*c = 3*s + a, c - 18 = 6*s - 3*s. Suppose -2*d - 8 = 0, -c*g - 3*d = -g + 8. What are the prime factors of g?
2
Let x = 0 + 9. Let j = -38 + 24. Let f = x - j. What are the prime factors of f?
23
Suppose 14*l = 17*l - 810. Suppose -l = 2*v - 11*v. List the prime factors of v.
2, 3, 5
Suppose -341 = 2*k - 7*k + u, -2*k + 138 = -2*u. Let c = 140 - k. List the prime factors of c.
2, 3
Suppose -3*a = 15, -9 = -4*o - 7*a + 4*a. Let k be 69/(-2)*4/o. Let c = k - -68. What are the prime factors of c?
3, 5
Suppose -4*p + 4027 = -k, 0*k = -3*p - 3*k + 3009. List the prime factors of p.
2, 503
Suppose -5 = 5*x, -5*c + 175*x - 172*x + 8718 = 0. What are the prime factors of c?
3, 7, 83
Suppose -4*y - 11 = -31. Let w be (-4)/(-1)*(5 + 3). Suppose y*f - w = f. What are the prime factors of f?
2
Suppose g = j + 2*j - 40, -g = 4. Let w be 1 + 0/(-2) + 1. Suppose z + 2*t - j = 0, -6*t - 40 = -w*z - 2*t. What are the prime factors of z?
2
Suppose -1191 = -18*f + 1167. Suppose -15*y = -16*y + f. List the prime factors of y.
131
Suppose 8*u = 13*u - 440. List the prime factors of u.
2, 11
Let i = -53 - -181. Let m = 254 - i. List the prime factors of m.
2, 3, 7
Let r be (-112)/(-6)*(-27)/6. Let n = -141 - r. Let c = 97 + n. List the prime factors of c.
2, 5
Let n = 609 + -197. Suppose 5*d + 1619 = 5*m + 589, -2*d - 2*m - n = 0. List the prime factors of 1/4 - d/8.
2, 13
Suppose -26*t + 145304 + 20784 = 0. List the prime factors of t.
2, 1597
Let d(z) = z**2 + z + 2. Let x be d(0). Suppose -2*m - 2*f = -0 - 18, 0 = x*f - 10. Suppose -m*y + 6 = -2. List the prime factors of y.
2
Let o = 367 + -255. Let d = -69 + o. List the prime factors of d.
43
Let z(l) = l**3 - 3*l**2 + 5*l - 2. Let k be -6 + 8 + (0 - 0). Suppose k*p + 15 = 7*p. List the prime factors of z(p).
13
Let d = -72 - -108. Suppose -8 = q - d. Suppose 0 = 2*o - 3*o + q. What are the prime factors of o?
2, 7
Suppose -2*y = -2*b - 33 - 261, 2*b = -6. What are the prime factors of y?
2, 3
Let w(r) = r - 22. Let j be w(22). Suppose -3*l - 3*v + v + 19 = j, -4*v + 3 = -l. What are the prime factors of l?
5
Let g = 27 + -24. Suppose -355 = -g*f + 4*b, -f = f + 4*b - 210. What are the prime factors of f?
113
Let q(s) = 13*s**2 - 32*s + 175. List the prime factors of q(13).
2, 3, 163
Let v = 218 + -147. What are the prime factors of v?
71
Let k = -169 + 232. What are the prime factors of k?
3, 7
Suppose -5*p = -0*p. Suppose z = -5*b + 31, 2*z - 92 = -p*z + 5*b. What are the prime factors of z?
41
Let d be 4 - (-9)/((-45)/10). Let m(w) = 31*w**2 + 4*w. Let p be m(d). Suppose 4*h - 2*h = p. List t